79. Let v = h + 183. Is v composite?
True
Let m be 7892 - (-3 + (2 - -3)). Let h be (-14)/(-21)*m/4. Suppose -2*z - z + h = -c, 0 = 2*z + 5*c - 854. Is z prime?
False
Let t = 12 + -6. Is ((-2164)/t)/(2/(-3)) composite?
False
Let o = -26 + 34. Suppose 2*i - o*i + 3810 = 0. Is i composite?
True
Let o(j) = -2*j**3 - 4*j**2 + 7*j + 7. Let i be 52/(-10) + (-9)/(-45). Is o(i) a prime number?
False
Let c(o) be the first derivative of -101*o**7/420 - o**6/360 - o**5/60 - o**4/12 - o**3/3 + 8. Let k(y) be the third derivative of c(y). Is k(-1) composite?
True
Let o = -5970 - -9515. Is o prime?
False
Let y = 17327 + -7026. Is y composite?
False
Suppose -60*t - 38*t = -2638258. Is t prime?
True
Is (-19392372)/(-90) - ((-11)/5 + 2) a composite number?
False
Suppose -17*r + 430906 = -3*r. Is r a composite number?
True
Let x(z) be the second derivative of z**4/12 + 3*z**3/2 + z. Let g be x(-7). Is (203/2)/((-7)/g) a prime number?
False
Let d = -66 - -44. Let u = 24 - d. Is u a prime number?
False
Let m(c) be the third derivative of 7*c**4/12 + 11*c**3/6 - 17*c**2. Let k(s) = -4*s. Let h be k(-2). Is m(h) a composite number?
True
Suppose 0 = 4*c - 3*d - 14642, c = 15*d - 14*d + 3661. Is c prime?
True
Suppose 4*d - 2*y = 26, 2*y = -3*d + 5*y + 27. Suppose 9*r - 10 = d*r. Suppose -3*o = -7*f + r*f - 1769, 4*o - 2340 = 2*f. Is o a prime number?
False
Is 1/5*1 - 144320/(-25) a composite number?
True
Is 3/(3/29)*(1 - -210) a prime number?
False
Let l be 2/(-2 + 8/2). Is (24 + 11)/(l - 0) a composite number?
True
Let u be 5 - 2 - -76 - -2. Suppose -237 = 5*y - n, 195 = y - 5*y - n. Let p = u + y. Is p composite?
True
Let n = 71 + -66. Suppose -3*g + 4915 = -4*a, 8*a + 8190 = n*g + 3*a. Is g a prime number?
True
Suppose -2*x - 6*x = -15304. Is x a prime number?
True
Suppose -5*l = -2*s + 6*s - 30, 5*s = l + 23. Suppose l*x - 104 = 34. Is (132/18)/(2/x) a composite number?
True
Let y(h) = 2163*h**2 + h - 3. Is y(2) prime?
False
Suppose 0 = 2*f - q - 7370, -11055 = -3*f - 0*q - q. Suppose -2*u = -7*u + f. Is u a composite number?
True
Suppose g + 12776 = 3*y, -4*y + 17040 = -8*g + 4*g. Is y prime?
False
Is (-4041)/6*((-192)/18 + 2) prime?
False
Suppose 0 = 8*h - 3*h - 50. Let s = h + -14. Is (s/(-8))/((-2)/(-356)) a composite number?
False
Let j = -19230 - -36865. Is j composite?
True
Let o = 112515 + -66812. Is o composite?
True
Let q(w) = 2*w - 15. Let p be q(11). Suppose -510 - 43 = -p*s. Is s prime?
True
Let t be (-2 + -2 - -12)*1046. Suppose -8*s + 0*s + t = 0. Is s composite?
True
Let t be (-40)/(-18) + (4/18)/(-1). Suppose 0 = t*z + 2*z - 4348. Is z composite?
False
Suppose 7*p + 1949 = 8*p. Is p composite?
False
Let r = -11 - -20. Suppose 5*h = r*h - 476. Is h a prime number?
False
Let p = 2657 + 17280. Is p a composite number?
False
Suppose 4*b + 8*w - 89610 = 6*w, -3*b = w - 67210. Is b composite?
True
Suppose -6 = -4*v - 2*u, 5*u = -0 - 5. Suppose 5 = 4*q - 11. Suppose -q*x - v*t + 941 = -3*t, -4*t = -5*x + 1179. Is x a composite number?
True
Let u = 38 + -38. Suppose 0 = 3*z - 4*t + 7274 - 21129, -2*t + 4 = u. Is z a prime number?
True
Let g be ((12/(-10))/2)/(3/(-15)). Suppose -2*x + 2*w - 145 = -3*x, -x + g*w + 155 = 0. Is x prime?
True
Let l = 78 + 278. Let q = 243 + l. Is q composite?
False
Let g(j) = 46*j - 11. Let a = -71 + 74. Is g(a) composite?
False
Let m(c) = -5*c**3 + c - 1. Let k be m(1). Let g(i) = -375*i - 28. Is g(k) composite?
False
Suppose -2*z - z + 18 = 0. Let v be ((-4)/z)/((-2)/(-12)). Is 53 - (0 - (-4 - v)) prime?
True
Let j(l) be the first derivative of l**4/2 - 8*l**3/3 + 3*l**2 + 7*l + 5. Let t be j(6). Let s = 66 + t. Is s a prime number?
False
Let n = -691 - -1743. Suppose -3*j - n = -7*j. Is j prime?
True
Let b be (11 - 10)/(2/10). Suppose 0 = b*d + 14 + 16. Is (-322)/d + (-22)/33 a composite number?
False
Let w = 534 - 317. Let t = 380 - w. Is t a composite number?
False
Suppose -6*r = -1103 - 2221. Let p = -331 + r. Is p prime?
True
Let h be 2*((-4)/8 + -1). Let t be (6/(-4))/(h/(-8)). Is 961 + -3 + (t - -5) a composite number?
True
Let o = 569 - 510. Is o a composite number?
False
Suppose -591 = -3*c - 90. Let g = 265 - c. Suppose -3*l - g = -2*t, 5*t - l = 238 - 6. Is t prime?
False
Let r = 27 - 6. Suppose g - 53 = r. Let p = g - 23. Is p prime?
False
Let v(q) be the second derivative of -q**3 + 0 + 41/12*q**4 + 2*q - 9/2*q**2. Is v(-4) composite?
True
Is 3*(-739789)/(-357) - 4/(-14) composite?
False
Let i be -1 + -1 + 16 + 1. Let w be (198/i)/(-3)*5. Let k = 55 + w. Is k prime?
False
Is (-2)/4*(-3017 + 55) composite?
False
Is (42 - 41)/((-1)/(-115)) a prime number?
False
Let f(u) = 8641*u**2 + 2*u + 2. Is f(-1) composite?
False
Let c = 26976 - 503. Is c a composite number?
True
Suppose -j - j + 26 = -5*s, 5*j + 5 = -5*s. Suppose -4*c + 284 = 3*d + 22, -3 = -j*c. Let u = d - 49. Is u prime?
True
Let c(n) = 3*n - 3. Let v be c(15). Suppose -46*s + v*s = -1340. Is s composite?
True
Let p be 6/3 - (-3)/((-6)/(-4)). Is 163*24/p + 1 a prime number?
False
Is -79*(-6 + 106 + -3)*-1 a composite number?
True
Is 608251/63 + -2 + 40/18 a composite number?
True
Suppose 4*z = 9*z. Let v(n) = n + 1464. Let x be v(z). Is x/5 - (-4)/20 a composite number?
False
Suppose 4*l + 5*q - 23208 = 0, -l + 3*q - 5795 = -2*l. Is l a prime number?
True
Let h be (-1)/5 + 336/5. Let a = 183 - h. Let s = -31 + a. Is s prime?
False
Let p(r) be the second derivative of -r**5/20 + r**4/12 - r**3/6 + 55*r**2/2 + r. Suppose -30 = -5*t - 30. Is p(t) prime?
False
Let b(v) = 49*v**3 - 5*v + 5. Let u be b(1). Let p be (0/(-3))/(0 + 1). Suppose -3*k + 4*a = -90, 0 = k - p*k + 5*a - u. Is k prime?
False
Suppose 3*z + d = -z + 17, -4*d = -20. Suppose 689 + 97 = z*m - 3*b, -2*b = 2*m - 504. Is m prime?
True
Suppose 105*k = 8*k + 1545889. Is k prime?
True
Let j = -1 - -5. Suppose -4*n + 5*z = -25, -19 = 2*n - 5*n + j*z. Suppose 1030 = n*l - 3*l. Is l a prime number?
False
Let p = 0 + 0. Suppose p = -4*q + 3*q + 469. Is q a prime number?
False
Suppose 0*t - 4*t = 0. Suppose 2*c - 6*f + 21 = -f, c - 2*f + 8 = t. Is 633/12*2*c a prime number?
True
Let p(h) = 54*h**2 + 5*h - 8. Is p(13) composite?
True
Let q = 2080 + 5041. Is q composite?
False
Suppose 4*w = -3*c - 2346 + 31467, -5*w + 36430 = -2*c. Suppose -w = -3*f + 4053. Is f prime?
True
Let j(s) be the third derivative of s**6/120 + 3*s**5/10 - 5*s**4/6 - 7*s**2. Let w be j(-15). Let d = w - 629. Is d composite?
True
Is 3/4 - (-301047)/92 prime?
False
Is (5 - (-72114)/24)*(4 - 0) a composite number?
True
Suppose -55 = 2*a - 55. Suppose 0 = n - p - 3*p - 17, -5*p = 3*n - 136. Let m = n + a. Is m composite?
False
Suppose -8 = 2*g - 5*o - 44, 2*g = -o + 24. Suppose -4*q = 5*a - 21, q = 2*a - 2*q - g. Suppose -l + 357 = -0*l + 4*z, -a*l = 2*z - 1857. Is l prime?
True
Suppose 7*j - 6*j - 177 = 0. Let s(z) = 2*z**3 - 5*z**2 + 3. Let t be s(7). Let q = t - j. Is q a composite number?
True
Let m(q) = -q**2. Let c(y) = -25*y**2 - 7. Let a(n) = c(n) - 5*m(n). Let u be a(4). Let j = u + 484. Is j a composite number?
False
Suppose 0 = -9*f + 3242 + 2761. Is f a prime number?
False
Suppose -3*x + 78 = -5*w, -5*w - x - 58 - 16 = 0. Is ((-11930)/w)/((-2)/(-3)) a composite number?
False
Let o(x) be the third derivative of x**5/60 - x**3/3 + 7*x**2. Let p be o(2). Is 3/(-6) - (-75)/p prime?
True
Let d = -12 + 18. Suppose 0*m - 290334 = -d*m. Is m/55 + 8/(-10) a composite number?
True
Let g = -12197 - -23566. Is g a prime number?
True
Let c(x) = x**2 - x - 1. Let r be 10/4*12/10. Let d be c(r). Suppose -5*t - 108 - 146 = -2*h, -635 = -d*h - t. Is h prime?
True
Let m be (-2)/11 - (-3 + 25950/(-66)). Let z = 139 + m. Is z prime?
False
Let l be (-1)/(-3)*0/(-5). Let j be (-24)/(-8) + (0 - l). Suppose -403 = -j*f + 368. Is f composite?
False
Let n = -17391 + 24373. Is n a composite number?
True
Suppose 4*l + l + 2*v - 31 = 0, -2*l - v + 13 = 0. Let a(h) = h - 3. Let x be a(l). Let n(o) = 53*o**2 - 2*o + 3. Is n(x) a prime number?
True
Let v = -83 + 85. Suppose 5207 = 5*y - 4*p + 8*p, v*y + p - 2081 = 0. Is y a composite number?
False
Let g = 8 - 20. Let p = g + 14. Is p - 1 - -6*11 prime?
True
Let r(j) = 4 + 36*j + 1 + 2*j + 4*j. Is r(16) a composite number?
False
Suppose 0 = -4*g - 4522 + 12282. Let t = g + -579. Is t a composite nu